{"id":3,"date":"2023-08-17T13:12:37","date_gmt":"2023-08-17T10:12:37","guid":{"rendered":"https:\/\/ensonpartiosiskot.partioscout.fi\/etusivu\/?lang=fi"},"modified":"2026-03-09T21:55:12","modified_gmt":"2026-03-09T19:55:12","slug":"etusivu","status":"publish","type":"page","link":"https:\/\/ensonpartiosiskot.partioscout.fi\/","title":{"rendered":"Etusivu"},"content":{"rendered":"\n<h1 class=\"wp-block-heading\">Enson Partiosiskot ry<\/h1>\n\n\n\n\n\n\n<div class=\"block-hero full-width id-block\">\n\t<div class=\"container-lg\">\n\t\t<div class=\"row\">\n\t\t\t<div class=\"col\">\n\t\t\t\t<div class=\"flex\">\n\t\t\t\t\t<div class=\"accent desktop\"><\/div>\t\t\t\t\t\n\t\t\t\t\t<div class=\"accent mobile\">\n\t\t\t\t\t\t\t\t\t\t\t\t<div class=\"image-object-fit\">\n\t\t\t\t\t\t\t<img\n\t\t\t\t\t\t\t\tsrc=\"https:\/\/ensonpartiosiskot.partioscout.fi\/wp-content\/uploads\/sites\/124\/2023\/08\/eps-1024x402.jpg\"\n\t\t\t\t\t\t\t\talt=\"\"\n\t\t\t\t\t\t\t\t\t\t\t\t\t\t\t\t\twidth=\"840\"\n\t\t\t\t\t\t\t\t\theight=\"330\"\n\t\t\t\t\t\t\t\t\t\t\t\t\t\t\t>\n\t\t\t\t\t\t<\/div>\n\t\t\t\t\t\t\t\t\t\t\t<\/div>\t\t\t\t\t\n\t\t\t\t\t<div class=\"inner-blocks entry-content\">\n\t\t\t\t\t\t\t\t\t\t\t\t\t\n\n<p><\/p>\n\n\n\n<p><strong>Enson Partiosiskot<\/strong> on&nbsp;vuonna 1929 Ensossa perustettu lippukunta. Nyky\u00e4\u00e4n lippukunta kuuluu Etel\u00e4-Karjalan partiopiiriin, ja sen toiminta on keskittynyt Imatralle.<\/p>\n\n\n\n<div class=\"wp-block-buttons is-layout-flex wp-block-buttons-is-layout-flex\"><\/div>\n\n\n\t\t\t\t\t\t\t\t\t\t\t<\/div>\n\t\t\t\t<\/div>\n\t\t\t<\/div>\n\t\t<\/div>\n\t<\/div>\t\n\n\t\t\t\n<\/div>\n\n\n\n<div class=\"wp-block-columns is-layout-flex wp-container-core-columns-is-layout-9d6595d7 wp-block-columns-is-layout-flex\">\n<div class=\"wp-block-column is-layout-flow wp-block-column-is-layout-flow\">\n<figure class=\"wp-block-image size-large is-resized wp-duotone-unset-1\"><a href=\"https:\/\/www.instagram.com\/ensonpartiosiskot\/?hl=fi\" target=\"_blank\" rel=\"noreferrer noopener\"><img decoding=\"async\" width=\"225\" height=\"224\" src=\"https:\/\/ensonpartiosiskot.partioscout.fi\/wp-content\/uploads\/sites\/124\/2023\/10\/insta.jpg\" alt=\"\" class=\"wp-image-136\" style=\"object-fit:cover;width:50px;height:50px\" srcset=\"https:\/\/ensonpartiosiskot.partioscout.fi\/wp-content\/uploads\/sites\/124\/2023\/10\/insta.jpg 225w, https:\/\/ensonpartiosiskot.partioscout.fi\/wp-content\/uploads\/sites\/124\/2023\/10\/insta-150x150.jpg 150w\" sizes=\"(max-width: 225px) 85vw, 225px\" \/><\/a><\/figure>\n<\/div>\n\n\n\n<div class=\"wp-block-column is-layout-flow wp-block-column-is-layout-flow\">\n<figure class=\"wp-block-image size-large is-resized wp-duotone-unset-2\"><a href=\"https:\/\/www.facebook.com\/EnsonPartiosiskot\/?locale=fi_FI\" target=\"_blank\" rel=\"noreferrer noopener\"><img decoding=\"async\" width=\"225\" height=\"225\" src=\"https:\/\/ensonpartiosiskot.partioscout.fi\/wp-content\/uploads\/sites\/124\/2023\/10\/fb.jpg\" alt=\"\" class=\"wp-image-139\" style=\"object-fit:cover;width:50px;height:50px\" srcset=\"https:\/\/ensonpartiosiskot.partioscout.fi\/wp-content\/uploads\/sites\/124\/2023\/10\/fb.jpg 225w, https:\/\/ensonpartiosiskot.partioscout.fi\/wp-content\/uploads\/sites\/124\/2023\/10\/fb-150x150.jpg 150w\" sizes=\"(max-width: 225px) 85vw, 225px\" \/><\/a><\/figure>\n<\/div>\n\n\n\n<div class=\"wp-block-column is-layout-flow wp-block-column-is-layout-flow\">\n<figure class=\"wp-block-image size-large is-resized wp-duotone-unset-3\"><a href=\"https:\/\/www.tiktok.com\/@ensonpartiosiskot\" target=\"_blank\" rel=\"noreferrer noopener\"><img decoding=\"async\" width=\"709\" height=\"709\" src=\"https:\/\/ensonpartiosiskot.partioscout.fi\/wp-content\/uploads\/sites\/124\/2023\/10\/Nimeton-malli-13.png\" alt=\"\" class=\"wp-image-154\" style=\"object-fit:cover;width:50px;height:50px\" srcset=\"https:\/\/ensonpartiosiskot.partioscout.fi\/wp-content\/uploads\/sites\/124\/2023\/10\/Nimeton-malli-13.png 709w, https:\/\/ensonpartiosiskot.partioscout.fi\/wp-content\/uploads\/sites\/124\/2023\/10\/Nimeton-malli-13-300x300.png 300w, https:\/\/ensonpartiosiskot.partioscout.fi\/wp-content\/uploads\/sites\/124\/2023\/10\/Nimeton-malli-13-150x150.png 150w, https:\/\/ensonpartiosiskot.partioscout.fi\/wp-content\/uploads\/sites\/124\/2023\/10\/Nimeton-malli-13-352x352.png 352w\" sizes=\"(max-width: 709px) 85vw, 709px\" \/><\/a><\/figure>\n<\/div>\n<\/div>\n\n\n\n\n<div class=\"block-social-feed full-width has-bg id-block admin\">\n\t<div class=\"container-lg\">\n\t\t<div class=\"row\">\n\t\t\t<div class=\"col\">\n\t\t\t\t<h2 class=\"block-title\">Somessa tapahtunutta<\/h2>\n\t\t\t<\/div>\n\t\t<\/div>\n\t\t<div class=\"row\">\n\t\t\t<div class=\"col\">\n\t\t\t\t\t\t\t\t<script src=\"https:\/\/assets.juicer.io\/embed.js\" type=\"text\/javascript\"><\/script>\n\t\t\t\t<link href=\"https:\/\/assets.juicer.io\/embed.css\" media=\"all\" rel=\"stylesheet\" type=\"text\/css\" \/>\n\t\t\t\t<ul class=\"juicer-feed\" data-feed-id=\"ensonpartiosiskot-573c895e-9cd2-4416-a5b9-45a620d6c823\" data-overlay=\"false\" data-style=\"modern\" data-after=\"custom_juicer()\" data-gutter=\"48\" data-per=\"6\"><h1 class=\"referral\"><a href=\"https:\/\/www.juicer.io\">Powered by Juicer.io<\/a><\/h1><\/ul>\n\t\t\t\t<script>\n\t\t\t\t\tconst $ = window.jQuery;\n\n\t\t\t\t\t\/\/Change button language\t\n\t\t\t\t\tdocument.addEventListener('juicer:feedLoaded', () => {\n\t\t\t\t\t\tconst moreButtonText = \"N\u00e4yt\u00e4 lis\u00e4\u00e4\";\n\n\t\t\t\t\t\tsetInterval(() => {\n\t\t\t\t\t\t\tconst btn = document.querySelector('.j-paginate');\n\t\t\t\t\t\t\tif (btn) btn.textContent = moreButtonText;\n\t\t\t\t\t\t}, 500);\n\t\t\t\t\t});\n\n\t\t\t\t\tfunction custom_juicer() {\n\t\t\t\t\t\t$('.block-social-feed .juicer-feed .feed-item').each(function(e) {\n\t\t\t\t\t\t\t\/\/console.log($(this));\n\n\t\t\t\t\t\t\tif($(this).find('.j-image').length !== 0) {\n\t\t\t\t\t\t\t\t$(this).data('image', $(this).find('.j-image').data('image'));\n\t\t\t\t\t\t\t\t$(this).data('image-link', $(this).find('.j-image').attr('href'));\n\t\t\t\t\t\t\t}\n\n\t\t\t\t\t\t\tif($(this).find('.j-text').length !== 0) {\n\t\t\t\t\t\t\t\t$(this).data('message', JSON.stringify($(this).find('.j-message').html()));\n\t\t\t\t\t\t\t\t$(this).data('alt', JSON.stringify($(this).find('.j-message').text()));\n\t\t\t\t\t\t\t\t$(this).data('socialmedia', $(this).find('.j-social').attr('aria-label'));\n\t\t\t\t\t\t\t}\n\n\t\t\t\t\t\t\tif($(this).find('.j-poster').length !== 0) {\n\t\t\t\t\t\t\t\t$(this).data('poster-thumb', $(this).find('.j-poster img').data('lazy'));\n\t\t\t\t\t\t\t\t$(this).data('poster-link', $(this).find('.j-poster a').attr('href'));\n\t\t\t\t\t\t\t\t$(this).data('poster-name', JSON.stringify($(this).find('.j-poster h3').html()));\n\t\t\t\t\t\t\t\t$(this).data('date', JSON.stringify($(this).find('.j-date').html()));\n\t\t\t\t\t\t\t}\n\n\t\t\t\t\t\t\tlet juicer_item = '<div class=\"card\">';\t\t\t\t\t\t\t\n\n\t\t\t\t\t\t\tif($(this).data('image') !== undefined) {\n\t\t\t\t\t\t\t\tjuicer_item += '<a target=\"_blank\" rel=\"no-referer\" href=\"' + $(this).data('image-link') + '\"><img decoding=\"async\" class=\"thumbnail\" src=\"' + $(this).data('image') + '\" alt=\"' + JSON.parse($(this).data('alt')) + '\"><\/a>';\n\t\t\t\t\t\t\t} else {\n\t\t\t\t\t\t\t\tjuicer_item += '<div class=\"no-image\"><\/div>';\n\t\t\t\t\t\t\t}\n\n\t\t\t\t\t\t\tjuicer_item += '<div class=\"content\">';\n\t\t\t\t\t\t\tif($(this).data('message') !== undefined) {\n\t\t\t\t\t\t\t\tjuicer_item += '<div class=\"excerpt\">' + JSON.parse($(this).data('message')) + '<\/div>';\n\t\t\t\t\t\t\t}\n\t\t\t\t\t\t\tjuicer_item += '<div class=\"user\">';\n\t\t\t\t\t\t\tif($(this).data('poster-thumb') !== undefined) {\n\t\t\t\t\t\t\t\tjuicer_item += '<img decoding=\"async\" class=\"poster-thumb\" src=\"' + $(this).data('poster-thumb') + '\" alt=\"\">';\n\t\t\t\t\t\t\t}\n\t\t\t\t\t\t\tjuicer_item += '<div class=\"user-meta\">';\n\t\t\t\t\t\t\tjuicer_item += '<div><a target=\"_blank\" rel=\"no-referer\" href=\"' + $(this).data('poster-link') + '\" class=\"username\">' + JSON.parse($(this).data('poster-name')) + '<\/a><\/div>';\n\t\t\t\t\t\t\tjuicer_item += '<p class=\"time\">' + JSON.parse($(this).data('date')) + '<\/p>';\n\t\t\t\t\t\t\tjuicer_item += '<\/div>'; \/\/user-meta\n\t\t\t\t\t\t\tjuicer_item += '<\/div>'; \/\/user\n\t\t\t\t\t\t\tjuicer_item += '<\/div>'; \/\/content\n\t\t\t\t\t\t\tjuicer_item += '<div class=\"socialmedia\">' + $(this).data('socialmedia') + '<\/div>';\n\t\t\t\t\t\t\tjuicer_item += '<\/div>'; \/\/card\n\n\n\t\t\t\t\t\t\t\/\/Replace card html\n\t\t\t\t\t\t\t$(this).html(juicer_item);\n\t\t\t\t\t\t});\n\n\t\t\t\t\t\t$('.block-social-feed .j-paginate').on('click', function(e) {\n\t\t\t\t\t\t\t$(this).closest('.juicer-feed').addClass('more');\n\t\t\t\t\t\t});\n\t\t\t\t\t}\n\t\t\t\t<\/script>\n\t\t\t\t\t\t\t<\/div>\n\t\t<\/div>\n\t<\/div>\t\n<\/div>\n\n\n\n<p><\/p>\n","protected":false},"excerpt":{"rendered":"<p>Enson Partiosiskot ry<\/p>\n","protected":false},"author":244,"featured_media":32,"parent":0,"menu_order":0,"comment_status":"closed","ping_status":"closed","template":"","meta":{"_acf_changed":false,"footnotes":""},"class_list":["post-3","page","type-page","status-publish","has-post-thumbnail","hentry"],"acf":[],"yoast_head":"<!-- This site is optimized with the Yoast SEO plugin v27.4 - https:\/\/yoast.com\/product\/yoast-seo-wordpress\/ -->\n<title>Etusivu - Enson Partiosiskot<\/title>\n<meta name=\"description\" content=\"Enson Partiosiskot on\u00a0vuonna 1929 Ensossa perustettu lippukunta. Lippukunta kuuluu Etel\u00e4-Karjalan partiopiiriin, ja sen toiminta on keskittynyt Imatralle.\" \/>\n<meta name=\"robots\" content=\"index, follow, max-snippet:-1, max-image-preview:large, max-video-preview:-1\" \/>\n<link rel=\"canonical\" href=\"https:\/\/ensonpartiosiskot.partioscout.fi\/\" \/>\n<meta property=\"og:locale\" content=\"fi_FI\" \/>\n<meta property=\"og:type\" content=\"article\" \/>\n<meta property=\"og:title\" content=\"Etusivu - Enson Partiosiskot\" \/>\n<meta property=\"og:description\" content=\"Enson Partiosiskot on\u00a0vuonna 1929 Ensossa perustettu lippukunta. Lippukunta kuuluu Etel\u00e4-Karjalan partiopiiriin, ja sen toiminta on keskittynyt Imatralle.\" \/>\n<meta property=\"og:url\" content=\"https:\/\/ensonpartiosiskot.partioscout.fi\/\" \/>\n<meta property=\"og:site_name\" content=\"Enson Partiosiskot\" \/>\n<meta property=\"article:modified_time\" content=\"2026-03-09T19:55:12+00:00\" \/>\n<meta property=\"og:image\" content=\"https:\/\/ensonpartiosiskot.partioscout.fi\/wp-content\/uploads\/sites\/124\/2023\/08\/eps.jpg\" \/>\n\t<meta property=\"og:image:width\" content=\"1171\" \/>\n\t<meta property=\"og:image:height\" content=\"460\" \/>\n\t<meta property=\"og:image:type\" content=\"image\/jpeg\" \/>\n<meta name=\"twitter:card\" content=\"summary_large_image\" \/>\n<meta name=\"twitter:label1\" content=\"Est. reading time\" \/>\n\t<meta name=\"twitter:data1\" content=\"2 minuuttia\" \/>\n<script type=\"application\/ld+json\" class=\"yoast-schema-graph\">{\"@context\":\"https:\\\/\\\/schema.org\",\"@graph\":[{\"@type\":\"WebPage\",\"@id\":\"https:\\\/\\\/ensonpartiosiskot.partioscout.fi\\\/\",\"url\":\"https:\\\/\\\/ensonpartiosiskot.partioscout.fi\\\/\",\"name\":\"Etusivu - Enson Partiosiskot\",\"isPartOf\":{\"@id\":\"https:\\\/\\\/ensonpartiosiskot.partioscout.fi\\\/#website\"},\"primaryImageOfPage\":{\"@id\":\"https:\\\/\\\/ensonpartiosiskot.partioscout.fi\\\/#primaryimage\"},\"image\":{\"@id\":\"https:\\\/\\\/ensonpartiosiskot.partioscout.fi\\\/#primaryimage\"},\"thumbnailUrl\":\"https:\\\/\\\/ensonpartiosiskot.partioscout.fi\\\/wp-content\\\/uploads\\\/sites\\\/124\\\/2023\\\/08\\\/eps.jpg\",\"datePublished\":\"2023-08-17T10:12:37+00:00\",\"dateModified\":\"2026-03-09T19:55:12+00:00\",\"description\":\"Enson Partiosiskot on\u00a0vuonna 1929 Ensossa perustettu lippukunta. Lippukunta kuuluu Etel\u00e4-Karjalan partiopiiriin, ja sen toiminta on keskittynyt Imatralle.\",\"breadcrumb\":{\"@id\":\"https:\\\/\\\/ensonpartiosiskot.partioscout.fi\\\/#breadcrumb\"},\"inLanguage\":\"fi\",\"potentialAction\":[{\"@type\":\"ReadAction\",\"target\":[\"https:\\\/\\\/ensonpartiosiskot.partioscout.fi\\\/\"]}]},{\"@type\":\"ImageObject\",\"inLanguage\":\"fi\",\"@id\":\"https:\\\/\\\/ensonpartiosiskot.partioscout.fi\\\/#primaryimage\",\"url\":\"https:\\\/\\\/ensonpartiosiskot.partioscout.fi\\\/wp-content\\\/uploads\\\/sites\\\/124\\\/2023\\\/08\\\/eps.jpg\",\"contentUrl\":\"https:\\\/\\\/ensonpartiosiskot.partioscout.fi\\\/wp-content\\\/uploads\\\/sites\\\/124\\\/2023\\\/08\\\/eps.jpg\",\"width\":1171,\"height\":460},{\"@type\":\"BreadcrumbList\",\"@id\":\"https:\\\/\\\/ensonpartiosiskot.partioscout.fi\\\/#breadcrumb\",\"itemListElement\":[{\"@type\":\"ListItem\",\"position\":1,\"name\":\"Etusivu\",\"item\":\"https:\\\/\\\/ensonpartiosiskot.partioscout.fi\\\/\"},{\"@type\":\"ListItem\",\"position\":2,\"name\":\"Etusivu\"}]},{\"@type\":\"WebSite\",\"@id\":\"https:\\\/\\\/ensonpartiosiskot.partioscout.fi\\\/#website\",\"url\":\"https:\\\/\\\/ensonpartiosiskot.partioscout.fi\\\/\",\"name\":\"Enson Partiosiskot\",\"description\":\"Enson Partiosiskot on Imatralla toimiva lippukunta.\",\"potentialAction\":[{\"@type\":\"SearchAction\",\"target\":{\"@type\":\"EntryPoint\",\"urlTemplate\":\"https:\\\/\\\/ensonpartiosiskot.partioscout.fi\\\/?s={search_term_string}\"},\"query-input\":{\"@type\":\"PropertyValueSpecification\",\"valueRequired\":true,\"valueName\":\"search_term_string\"}}],\"inLanguage\":\"fi\"}]}<\/script>\n<!-- \/ Yoast SEO plugin. -->","yoast_head_json":{"title":"Etusivu - Enson Partiosiskot","description":"Enson Partiosiskot on\u00a0vuonna 1929 Ensossa perustettu lippukunta. Lippukunta kuuluu Etel\u00e4-Karjalan partiopiiriin, ja sen toiminta on keskittynyt Imatralle.","robots":{"index":"index","follow":"follow","max-snippet":"max-snippet:-1","max-image-preview":"max-image-preview:large","max-video-preview":"max-video-preview:-1"},"canonical":"https:\/\/ensonpartiosiskot.partioscout.fi\/","og_locale":"fi_FI","og_type":"article","og_title":"Etusivu - Enson Partiosiskot","og_description":"Enson Partiosiskot on\u00a0vuonna 1929 Ensossa perustettu lippukunta. Lippukunta kuuluu Etel\u00e4-Karjalan partiopiiriin, ja sen toiminta on keskittynyt Imatralle.","og_url":"https:\/\/ensonpartiosiskot.partioscout.fi\/","og_site_name":"Enson Partiosiskot","article_modified_time":"2026-03-09T19:55:12+00:00","og_image":[{"width":1171,"height":460,"url":"https:\/\/ensonpartiosiskot.partioscout.fi\/wp-content\/uploads\/sites\/124\/2023\/08\/eps.jpg","type":"image\/jpeg"}],"twitter_card":"summary_large_image","twitter_misc":{"Est. reading time":"2 minuuttia"},"schema":{"@context":"https:\/\/schema.org","@graph":[{"@type":"WebPage","@id":"https:\/\/ensonpartiosiskot.partioscout.fi\/","url":"https:\/\/ensonpartiosiskot.partioscout.fi\/","name":"Etusivu - Enson Partiosiskot","isPartOf":{"@id":"https:\/\/ensonpartiosiskot.partioscout.fi\/#website"},"primaryImageOfPage":{"@id":"https:\/\/ensonpartiosiskot.partioscout.fi\/#primaryimage"},"image":{"@id":"https:\/\/ensonpartiosiskot.partioscout.fi\/#primaryimage"},"thumbnailUrl":"https:\/\/ensonpartiosiskot.partioscout.fi\/wp-content\/uploads\/sites\/124\/2023\/08\/eps.jpg","datePublished":"2023-08-17T10:12:37+00:00","dateModified":"2026-03-09T19:55:12+00:00","description":"Enson Partiosiskot on\u00a0vuonna 1929 Ensossa perustettu lippukunta. Lippukunta kuuluu Etel\u00e4-Karjalan partiopiiriin, ja sen toiminta on keskittynyt Imatralle.","breadcrumb":{"@id":"https:\/\/ensonpartiosiskot.partioscout.fi\/#breadcrumb"},"inLanguage":"fi","potentialAction":[{"@type":"ReadAction","target":["https:\/\/ensonpartiosiskot.partioscout.fi\/"]}]},{"@type":"ImageObject","inLanguage":"fi","@id":"https:\/\/ensonpartiosiskot.partioscout.fi\/#primaryimage","url":"https:\/\/ensonpartiosiskot.partioscout.fi\/wp-content\/uploads\/sites\/124\/2023\/08\/eps.jpg","contentUrl":"https:\/\/ensonpartiosiskot.partioscout.fi\/wp-content\/uploads\/sites\/124\/2023\/08\/eps.jpg","width":1171,"height":460},{"@type":"BreadcrumbList","@id":"https:\/\/ensonpartiosiskot.partioscout.fi\/#breadcrumb","itemListElement":[{"@type":"ListItem","position":1,"name":"Etusivu","item":"https:\/\/ensonpartiosiskot.partioscout.fi\/"},{"@type":"ListItem","position":2,"name":"Etusivu"}]},{"@type":"WebSite","@id":"https:\/\/ensonpartiosiskot.partioscout.fi\/#website","url":"https:\/\/ensonpartiosiskot.partioscout.fi\/","name":"Enson Partiosiskot","description":"Enson Partiosiskot on Imatralla toimiva lippukunta.","potentialAction":[{"@type":"SearchAction","target":{"@type":"EntryPoint","urlTemplate":"https:\/\/ensonpartiosiskot.partioscout.fi\/?s={search_term_string}"},"query-input":{"@type":"PropertyValueSpecification","valueRequired":true,"valueName":"search_term_string"}}],"inLanguage":"fi"}]}},"_links":{"self":[{"href":"https:\/\/ensonpartiosiskot.partioscout.fi\/index.php?rest_route=\/wp\/v2\/pages\/3","targetHints":{"allow":["GET"]}}],"collection":[{"href":"https:\/\/ensonpartiosiskot.partioscout.fi\/index.php?rest_route=\/wp\/v2\/pages"}],"about":[{"href":"https:\/\/ensonpartiosiskot.partioscout.fi\/index.php?rest_route=\/wp\/v2\/types\/page"}],"author":[{"embeddable":true,"href":"https:\/\/ensonpartiosiskot.partioscout.fi\/index.php?rest_route=\/wp\/v2\/users\/244"}],"replies":[{"embeddable":true,"href":"https:\/\/ensonpartiosiskot.partioscout.fi\/index.php?rest_route=%2Fwp%2Fv2%2Fcomments&post=3"}],"version-history":[{"count":14,"href":"https:\/\/ensonpartiosiskot.partioscout.fi\/index.php?rest_route=\/wp\/v2\/pages\/3\/revisions"}],"predecessor-version":[{"id":317,"href":"https:\/\/ensonpartiosiskot.partioscout.fi\/index.php?rest_route=\/wp\/v2\/pages\/3\/revisions\/317"}],"wp:featuredmedia":[{"embeddable":true,"href":"https:\/\/ensonpartiosiskot.partioscout.fi\/index.php?rest_route=\/wp\/v2\/media\/32"}],"wp:attachment":[{"href":"https:\/\/ensonpartiosiskot.partioscout.fi\/index.php?rest_route=%2Fwp%2Fv2%2Fmedia&parent=3"}],"curies":[{"name":"wp","href":"https:\/\/api.w.org\/{rel}","templated":true}]}}