{"id":5,"date":"2023-08-17T13:12:39","date_gmt":"2023-08-17T10:12:39","guid":{"rendered":"https:\/\/ensonpartiosiskot.partioscout.fi\/tule-mukaan\/?lang=fi"},"modified":"2026-03-09T18:35:15","modified_gmt":"2026-03-09T16:35:15","slug":"tule-mukaan","status":"publish","type":"page","link":"https:\/\/ensonpartiosiskot.partioscout.fi\/?page_id=5","title":{"rendered":"J\u00e4seneksi"},"content":{"rendered":"\n<figure class=\"wp-block-image size-large\"><img decoding=\"async\" width=\"1024\" height=\"671\" src=\"https:\/\/ensonpartiosiskot.partioscout.fi\/wp-content\/uploads\/sites\/124\/2023\/08\/JASENELLE-2-1024x671.png\" alt=\"\" class=\"wp-image-103\" style=\"aspect-ratio:1.5261177620327389\" srcset=\"https:\/\/ensonpartiosiskot.partioscout.fi\/wp-content\/uploads\/sites\/124\/2023\/08\/JASENELLE-2-1024x671.png 1024w, https:\/\/ensonpartiosiskot.partioscout.fi\/wp-content\/uploads\/sites\/124\/2023\/08\/JASENELLE-2-300x197.png 300w, https:\/\/ensonpartiosiskot.partioscout.fi\/wp-content\/uploads\/sites\/124\/2023\/08\/JASENELLE-2-768x504.png 768w, https:\/\/ensonpartiosiskot.partioscout.fi\/wp-content\/uploads\/sites\/124\/2023\/08\/JASENELLE-2-537x352.png 537w, https:\/\/ensonpartiosiskot.partioscout.fi\/wp-content\/uploads\/sites\/124\/2023\/08\/JASENELLE-2.png 1150w\" sizes=\"(max-width: 1024px) 100vw, 1024px\" \/><\/figure>\n\n\n\n<p><strong>Haluaisitko olla partiolainen?<\/strong><\/p>\n\n\n\n<p>Enson Partiosiskoissa se onnistuu!<\/p>\n\n\n\n<p>Partio on hauska ja monipuolinen harrastus, jossa opitaan aina uutta ja sovelletaan vanhaa. Partioon kuuluu olennaisesti yst\u00e4vyys, hauskanpito ja uusien el\u00e4myksien kokeminen. Partiossa tehd\u00e4\u00e4n yhdess\u00e4 kavereiden kanssa eik\u00e4 kukaan joudu seisomaan sein\u00e4ruusuna, vaan p\u00e4\u00e4see mukaan toimintaan!<\/p>\n\n\n\n<p>Emme ole lippukunta, jossa vain n\u00e4perrell\u00e4\u00e4n solmuja ja opetellaan sytytt\u00e4m\u00e4\u00e4n nuotio. Enson Partiosiskoihin kuuluu monenik\u00e4isi\u00e4 ryhmi\u00e4, joissa suoritetaan eri ik\u00e4kausille suunniteltua partiomaista ohjelmaa. Toimintamme sis\u00e4lt\u00e4\u00e4 viikoittaisia kokouksia, joissa opetellaan ja harjoitellaan uusia tietoja ja taitoja.&nbsp;&nbsp;Retkeilemme ja leireilemme ymp\u00e4ri vuoden,&nbsp;jolloin p\u00e4\u00e4see kokeilemaan opittuja asioita sek\u00e4 osallistumme ja j\u00e4rjest\u00e4mme&nbsp;perinteikk\u00e4it\u00e4 tapahtumia, kuten lippukunnan syys- ja kev\u00e4tretket, soihtukulkue itsen\u00e4isyysp\u00e4iv\u00e4n\u00e4 sek\u00e4 partioparaati partioviikolla kev\u00e4isin.<\/p>\n\n\n\n<p>Partio ei ole harrastus, jossa katsottaisiin ik\u00e4\u00e4n vaan se kuuluu kaikille. Enson Partiosiskoista l\u00f6ytyy menoa ja meininki\u00e4 kaiken ik\u00e4isille. <br>Aikuiset ovat partiotoiminnan mahdollistajia, joiden avulla saamme pidetty\u00e4 tasomme korkealla ja suupielet hymyss\u00e4. Aikuisille on monenlaista teht\u00e4v\u00e4\u00e4 lippukunnassamme, joten tylsyys ei taatusti p\u00e4\u00e4se iskem\u00e4\u00e4n. Tarvitsemme lis\u00e4\u00e4 aikuisia mukaan, joten kaikki kiinnostuneet ovat syd\u00e4mellisesti tervetulleita!<\/p>\n\n\n\n<p><strong>Mik\u00e4li haluat liitty\u00e4 meihin ota ensin yhteytt\u00e4 lippukunnanjohtajaan:<\/strong><\/p>\n\n\n\n<p><strong>Elina Ilonen, elina.ilonen@partio.fi<\/strong><\/p>\n\n\n\n<p>J\u00e4senhakemuksen t\u00e4ytt\u00e4minen osoitteessa:&nbsp;<a href=\"https:\/\/kuksa.partio.fi\/kotisivut\/jasenyys.aspx?id=9999423\">https:\/\/kuksa.partio.fi\/kotisivut\/jasenyys.aspx?id=9999423<\/a>.<br>T\u00e4ytt\u00e4m\u00e4ll\u00e4 j\u00e4senhakemuksen tallennamme tietosi Suomen Partiolaiset \u2013 Finland Scouter ry j\u00e4senrekisteriin Kuksaan.<\/p>\n\n\n\n<p><a href=\"https:\/\/www.partio.fi\/wp-content\/uploads\/2018\/06\/Kuksa-Partioon-liittyminen.pdf\" target=\"_blank\" rel=\"noreferrer noopener\">T\u00e4\u00e4lt\u00e4 <\/a>p\u00e4\u00e4set katsomaan ohjeet j\u00e4senhakemuksen tekemiseen.<\/p>\n\n\n\n<p><a href=\"https:\/\/www.partio.fi\/suomen-partiolaiset\/tietoa-meista\/henkilotietojen-kasittely\/\" target=\"_blank\" rel=\"noreferrer noopener\">T\u00e4\u00e4lt\u00e4<\/a> l\u00f6yd\u00e4t tietoa henkil\u00f6tietojen k\u00e4sittelyst\u00e4 partiossa<\/p>\n\n\n\n<p><\/p>\n\n\n\n<div class=\"wp-block-buttons is-layout-flex wp-block-buttons-is-layout-flex\"><\/div>\n","protected":false},"excerpt":{"rendered":"<p>Haluaisitko olla partiolainen? Enson Partiosiskoissa se onnistuu! Partio on hauska ja monipuolinen harrastus, jossa opitaan&hellip;<\/p>\n","protected":false},"author":244,"featured_media":0,"parent":0,"menu_order":0,"comment_status":"closed","ping_status":"closed","template":"","meta":{"_acf_changed":false,"footnotes":""},"class_list":["post-5","page","type-page","status-publish","hentry"],"acf":[],"yoast_head":"<!-- This site is optimized with the Yoast SEO plugin v27.4 - https:\/\/yoast.com\/product\/yoast-seo-wordpress\/ -->\n<title>J\u00e4seneksi - Enson Partiosiskot<\/title>\n<meta name=\"robots\" content=\"index, follow, max-snippet:-1, max-image-preview:large, max-video-preview:-1\" \/>\n<link rel=\"canonical\" href=\"https:\/\/ensonpartiosiskot.partioscout.fi\/?page_id=5\" \/>\n<meta property=\"og:locale\" content=\"fi_FI\" \/>\n<meta property=\"og:type\" content=\"article\" \/>\n<meta property=\"og:title\" content=\"J\u00e4seneksi - Enson Partiosiskot\" \/>\n<meta property=\"og:description\" content=\"Haluaisitko olla partiolainen? Enson Partiosiskoissa se onnistuu! Partio on hauska ja monipuolinen harrastus, jossa opitaan&hellip;\" \/>\n<meta property=\"og:url\" content=\"https:\/\/ensonpartiosiskot.partioscout.fi\/?page_id=5\" \/>\n<meta property=\"og:site_name\" content=\"Enson Partiosiskot\" \/>\n<meta property=\"article:modified_time\" content=\"2026-03-09T16:35:15+00:00\" \/>\n<meta property=\"og:image\" content=\"https:\/\/ensonpartiosiskot.partioscout.fi\/wp-content\/uploads\/sites\/124\/2023\/08\/JASENELLE-2.png\" \/>\n\t<meta property=\"og:image:width\" content=\"1150\" \/>\n\t<meta property=\"og:image:height\" content=\"754\" \/>\n\t<meta property=\"og:image:type\" content=\"image\/png\" \/>\n<meta name=\"twitter:card\" content=\"summary_large_image\" \/>\n<meta name=\"twitter:label1\" content=\"Est. reading time\" \/>\n\t<meta name=\"twitter:data1\" content=\"2 minuuttia\" \/>\n<script type=\"application\/ld+json\" class=\"yoast-schema-graph\">{\"@context\":\"https:\\\/\\\/schema.org\",\"@graph\":[{\"@type\":\"WebPage\",\"@id\":\"https:\\\/\\\/ensonpartiosiskot.partioscout.fi\\\/?page_id=5\",\"url\":\"https:\\\/\\\/ensonpartiosiskot.partioscout.fi\\\/?page_id=5\",\"name\":\"J\u00e4seneksi - Enson Partiosiskot\",\"isPartOf\":{\"@id\":\"https:\\\/\\\/ensonpartiosiskot.partioscout.fi\\\/#website\"},\"primaryImageOfPage\":{\"@id\":\"https:\\\/\\\/ensonpartiosiskot.partioscout.fi\\\/?page_id=5#primaryimage\"},\"image\":{\"@id\":\"https:\\\/\\\/ensonpartiosiskot.partioscout.fi\\\/?page_id=5#primaryimage\"},\"thumbnailUrl\":\"https:\\\/\\\/ensonpartiosiskot.partioscout.fi\\\/wp-content\\\/uploads\\\/sites\\\/124\\\/2023\\\/08\\\/JASENELLE-2-1024x671.png\",\"datePublished\":\"2023-08-17T10:12:39+00:00\",\"dateModified\":\"2026-03-09T16:35:15+00:00\",\"breadcrumb\":{\"@id\":\"https:\\\/\\\/ensonpartiosiskot.partioscout.fi\\\/?page_id=5#breadcrumb\"},\"inLanguage\":\"fi\",\"potentialAction\":[{\"@type\":\"ReadAction\",\"target\":[\"https:\\\/\\\/ensonpartiosiskot.partioscout.fi\\\/?page_id=5\"]}]},{\"@type\":\"ImageObject\",\"inLanguage\":\"fi\",\"@id\":\"https:\\\/\\\/ensonpartiosiskot.partioscout.fi\\\/?page_id=5#primaryimage\",\"url\":\"https:\\\/\\\/ensonpartiosiskot.partioscout.fi\\\/wp-content\\\/uploads\\\/sites\\\/124\\\/2023\\\/08\\\/JASENELLE-2.png\",\"contentUrl\":\"https:\\\/\\\/ensonpartiosiskot.partioscout.fi\\\/wp-content\\\/uploads\\\/sites\\\/124\\\/2023\\\/08\\\/JASENELLE-2.png\",\"width\":1150,\"height\":754},{\"@type\":\"BreadcrumbList\",\"@id\":\"https:\\\/\\\/ensonpartiosiskot.partioscout.fi\\\/?page_id=5#breadcrumb\",\"itemListElement\":[{\"@type\":\"ListItem\",\"position\":1,\"name\":\"Etusivu\",\"item\":\"https:\\\/\\\/ensonpartiosiskot.partioscout.fi\\\/\"},{\"@type\":\"ListItem\",\"position\":2,\"name\":\"J\u00e4seneksi\"}]},{\"@type\":\"WebSite\",\"@id\":\"https:\\\/\\\/ensonpartiosiskot.partioscout.fi\\\/#website\",\"url\":\"https:\\\/\\\/ensonpartiosiskot.partioscout.fi\\\/\",\"name\":\"Enson Partiosiskot\",\"description\":\"Enson Partiosiskot on Imatralla toimiva lippukunta.\",\"potentialAction\":[{\"@type\":\"SearchAction\",\"target\":{\"@type\":\"EntryPoint\",\"urlTemplate\":\"https:\\\/\\\/ensonpartiosiskot.partioscout.fi\\\/?s={search_term_string}\"},\"query-input\":{\"@type\":\"PropertyValueSpecification\",\"valueRequired\":true,\"valueName\":\"search_term_string\"}}],\"inLanguage\":\"fi\"}]}<\/script>\n<!-- \/ Yoast SEO plugin. -->","yoast_head_json":{"title":"J\u00e4seneksi - Enson Partiosiskot","robots":{"index":"index","follow":"follow","max-snippet":"max-snippet:-1","max-image-preview":"max-image-preview:large","max-video-preview":"max-video-preview:-1"},"canonical":"https:\/\/ensonpartiosiskot.partioscout.fi\/?page_id=5","og_locale":"fi_FI","og_type":"article","og_title":"J\u00e4seneksi - Enson Partiosiskot","og_description":"Haluaisitko olla partiolainen? Enson Partiosiskoissa se onnistuu! Partio on hauska ja monipuolinen harrastus, jossa opitaan&hellip;","og_url":"https:\/\/ensonpartiosiskot.partioscout.fi\/?page_id=5","og_site_name":"Enson Partiosiskot","article_modified_time":"2026-03-09T16:35:15+00:00","og_image":[{"width":1150,"height":754,"url":"https:\/\/ensonpartiosiskot.partioscout.fi\/wp-content\/uploads\/sites\/124\/2023\/08\/JASENELLE-2.png","type":"image\/png"}],"twitter_card":"summary_large_image","twitter_misc":{"Est. reading time":"2 minuuttia"},"schema":{"@context":"https:\/\/schema.org","@graph":[{"@type":"WebPage","@id":"https:\/\/ensonpartiosiskot.partioscout.fi\/?page_id=5","url":"https:\/\/ensonpartiosiskot.partioscout.fi\/?page_id=5","name":"J\u00e4seneksi - Enson Partiosiskot","isPartOf":{"@id":"https:\/\/ensonpartiosiskot.partioscout.fi\/#website"},"primaryImageOfPage":{"@id":"https:\/\/ensonpartiosiskot.partioscout.fi\/?page_id=5#primaryimage"},"image":{"@id":"https:\/\/ensonpartiosiskot.partioscout.fi\/?page_id=5#primaryimage"},"thumbnailUrl":"https:\/\/ensonpartiosiskot.partioscout.fi\/wp-content\/uploads\/sites\/124\/2023\/08\/JASENELLE-2-1024x671.png","datePublished":"2023-08-17T10:12:39+00:00","dateModified":"2026-03-09T16:35:15+00:00","breadcrumb":{"@id":"https:\/\/ensonpartiosiskot.partioscout.fi\/?page_id=5#breadcrumb"},"inLanguage":"fi","potentialAction":[{"@type":"ReadAction","target":["https:\/\/ensonpartiosiskot.partioscout.fi\/?page_id=5"]}]},{"@type":"ImageObject","inLanguage":"fi","@id":"https:\/\/ensonpartiosiskot.partioscout.fi\/?page_id=5#primaryimage","url":"https:\/\/ensonpartiosiskot.partioscout.fi\/wp-content\/uploads\/sites\/124\/2023\/08\/JASENELLE-2.png","contentUrl":"https:\/\/ensonpartiosiskot.partioscout.fi\/wp-content\/uploads\/sites\/124\/2023\/08\/JASENELLE-2.png","width":1150,"height":754},{"@type":"BreadcrumbList","@id":"https:\/\/ensonpartiosiskot.partioscout.fi\/?page_id=5#breadcrumb","itemListElement":[{"@type":"ListItem","position":1,"name":"Etusivu","item":"https:\/\/ensonpartiosiskot.partioscout.fi\/"},{"@type":"ListItem","position":2,"name":"J\u00e4seneksi"}]},{"@type":"WebSite","@id":"https:\/\/ensonpartiosiskot.partioscout.fi\/#website","url":"https:\/\/ensonpartiosiskot.partioscout.fi\/","name":"Enson Partiosiskot","description":"Enson Partiosiskot on Imatralla toimiva lippukunta.","potentialAction":[{"@type":"SearchAction","target":{"@type":"EntryPoint","urlTemplate":"https:\/\/ensonpartiosiskot.partioscout.fi\/?s={search_term_string}"},"query-input":{"@type":"PropertyValueSpecification","valueRequired":true,"valueName":"search_term_string"}}],"inLanguage":"fi"}]}},"_links":{"self":[{"href":"https:\/\/ensonpartiosiskot.partioscout.fi\/index.php?rest_route=\/wp\/v2\/pages\/5","targetHints":{"allow":["GET"]}}],"collection":[{"href":"https:\/\/ensonpartiosiskot.partioscout.fi\/index.php?rest_route=\/wp\/v2\/pages"}],"about":[{"href":"https:\/\/ensonpartiosiskot.partioscout.fi\/index.php?rest_route=\/wp\/v2\/types\/page"}],"author":[{"embeddable":true,"href":"https:\/\/ensonpartiosiskot.partioscout.fi\/index.php?rest_route=\/wp\/v2\/users\/244"}],"replies":[{"embeddable":true,"href":"https:\/\/ensonpartiosiskot.partioscout.fi\/index.php?rest_route=%2Fwp%2Fv2%2Fcomments&post=5"}],"version-history":[{"count":10,"href":"https:\/\/ensonpartiosiskot.partioscout.fi\/index.php?rest_route=\/wp\/v2\/pages\/5\/revisions"}],"predecessor-version":[{"id":285,"href":"https:\/\/ensonpartiosiskot.partioscout.fi\/index.php?rest_route=\/wp\/v2\/pages\/5\/revisions\/285"}],"wp:attachment":[{"href":"https:\/\/ensonpartiosiskot.partioscout.fi\/index.php?rest_route=%2Fwp%2Fv2%2Fmedia&parent=5"}],"curies":[{"name":"wp","href":"https:\/\/api.w.org\/{rel}","templated":true}]}}