{"id":6,"date":"2023-08-17T13:12:39","date_gmt":"2023-08-17T10:12:39","guid":{"rendered":"https:\/\/ensonpartiosiskot.partioscout.fi\/jasenelle\/?lang=fi"},"modified":"2026-03-09T22:02:40","modified_gmt":"2026-03-09T20:02:40","slug":"jasenelle","status":"publish","type":"page","link":"https:\/\/ensonpartiosiskot.partioscout.fi\/?page_id=6","title":{"rendered":"Ryhm\u00e4t"},"content":{"rendered":"\n\n<div class=\"block-content full-width id-block\">\n\t<div class=\"container-lg\">\n\t\t<div class=\"row justify-content-center\">\n\t\t\t<div class=\"col col-12 col-md-10 col-xxl-6\">\t\t\t\n\t\t\t\t<div class=\"inner-blocks entry-content\">\n\t\t\t\t\t\t\t\t\t\t\t\n\n<h2 class=\"wp-block-heading\">Lippukuntamme ryhm\u00e4t<\/h2>\n\n\n\n\n<div class=\"inner-block-accordion id-inner-block\">\t\n\t<div class=\"inner-blocks entry-content\">\n\t\t\t\t\t\n\n\n<button type=\"button\" aria-expanded=\"false\" aria-controls=\"accordion-body\" class=\"inner-block-accordion-header id-inner-block\">\t\n\t<span class=\"chevron\"><\/span>\n\t\n\n<h2 class=\"wp-block-heading\">Sudenpennut 7-9v<\/h2>\n\n\t\n<\/button>\n\n\n\n\n<div id=\"accordion-body\" class=\"inner-block-accordion-body id-inner-block\">\t\n\t<div class=\"inner-blocks entry-content\">\n\t\t\n\n<p><strong>Orvokit<\/strong><\/p>\n\n\n\n<p class=\"has-text-align-left\">Lauma kokoontuu <strong>maanantaisin 16:30-17:30<\/strong><\/p>\n\n\n\n<p>Ota yhteytt\u00e4 lauman johtajaan: Kiia Hokkanen p.0404829330 tai sposti. kiia.hokkanen@partio.fi<\/p>\n\n\n\n<p><\/p>\n\n\t\n\t<\/div>\n<\/div>\n\n\n\t\t\t\t\t\n\t<\/div>\n<\/div>\n\n\n\n<div class=\"wp-block-buttons is-layout-flex wp-block-buttons-is-layout-flex\"><\/div>\n\n\n\n\n<div class=\"inner-block-accordion id-inner-block\">\t\n\t<div class=\"inner-blocks entry-content\">\n\t\t\t\t\t\n\n\n<button type=\"button\" aria-expanded=\"false\" aria-controls=\"accordion-body\" class=\"inner-block-accordion-header id-inner-block\">\t\n\t<span class=\"chevron\"><\/span>\n\t\n\n<h2 class=\"wp-block-heading\">Seikkailijat 10-12v<\/h2>\n\n\t\n<\/button>\n\n\n\n\n<div id=\"accordion-body\" class=\"inner-block-accordion-body id-inner-block\">\t\n\t<div class=\"inner-blocks entry-content\">\n\t\t\n\n<p><strong>Mets\u00e4mansikat<\/strong><\/p>\n\n\n\n<p class=\"has-text-align-left\">ryhm\u00e4 kokoontuu<strong>: maanantaisin 18:00-19:00<\/strong><\/p>\n\n\n\n<p>Ota yhteytt\u00e4 ryhm\u00e4n johtajaan:<\/p>\n\n\n\n<p><\/p>\n\n\n\n<p><strong>Auringonkukat<\/strong><\/p>\n\n\n\n<p>ryhm\u00e4 kokoontuu: <strong>maanantaisin 16:30-17:30<\/strong><\/p>\n\n\t\n\t<\/div>\n<\/div>\n\n\n\t\t\t\t\t\n\t<\/div>\n<\/div>\n\n\n\n\n<div class=\"inner-block-accordion id-inner-block\">\t\n\t<div class=\"inner-blocks entry-content\">\n\t\t\t\t\t\n\n\n<button type=\"button\" aria-expanded=\"false\" aria-controls=\"accordion-body\" class=\"inner-block-accordion-header id-inner-block\">\t\n\t<span class=\"chevron\"><\/span>\n\t\n\n<h2 class=\"wp-block-heading\">Tarpojat 12-15v<\/h2>\n\n\t\n<\/button>\n\n\n\n\n<div id=\"accordion-body\" class=\"inner-block-accordion-body id-inner-block\">\t\n\t<div class=\"inner-blocks entry-content\">\n\t\t\n\n<p><strong>Mets\u00e4t\u00e4hdet<\/strong><\/p>\n\n\n\n<p>ryhm\u00e4 kokoontuu: <strong>tiistaisin 19:30-20:30<\/strong><\/p>\n\n\t\n\t<\/div>\n<\/div>\n\n\n\t\t\t\t\t\n\t<\/div>\n<\/div>\n\n\n\n\n<div class=\"inner-block-accordion id-inner-block\">\t\n\t<div class=\"inner-blocks entry-content\">\n\t\t\t\t\t\n\n\n<button type=\"button\" aria-expanded=\"false\" aria-controls=\"accordion-body\" class=\"inner-block-accordion-header id-inner-block\">\t\n\t<span class=\"chevron\"><\/span>\n\t\n\n<h2 class=\"wp-block-heading\">Samoajat 15-17v<\/h2>\n\n\t\n<\/button>\n\n\n\n\n<div id=\"accordion-body\" class=\"inner-block-accordion-body id-inner-block\">\t\n\t<div class=\"inner-blocks entry-content\">\n\t\t\n\n<p><strong>Apilat<\/strong><\/p>\n\n\n\n<p>Rento ja hauska samoajaryhm\u00e4, uudet samoajaik\u00e4iset ovat tervetulleita!<\/p>\n\n\n\n<p>Ryhm\u00e4 kokoontuu kuukausittain, itse sopiminaan ajankohtina. <\/p>\n\n\n\n<p>Ota yhteytt\u00e4: Liisi Peltonen p. 0456439319 tai sposti peltonenliisi@gmail.com. Yhteydenotot viestitse tai s\u00e4hk\u00f6postitse.<\/p>\n\n\t\n\t<\/div>\n<\/div>\n\n\n\t\t\t\t\t\n\t<\/div>\n<\/div>\n\n\n\n\n<div class=\"inner-block-accordion id-inner-block\">\t\n\t<div class=\"inner-blocks entry-content\">\n\t\t\t\t\t\n\n\n<button type=\"button\" aria-expanded=\"false\" aria-controls=\"accordion-body\" class=\"inner-block-accordion-header id-inner-block\">\t\n\t<span class=\"chevron\"><\/span>\n\t\n\n<h2 class=\"wp-block-heading\">Vaeltajat 18-22v<\/h2>\n\n\t\n<\/button>\n\n\n\n\n<div id=\"accordion-body\" class=\"inner-block-accordion-body id-inner-block\">\t\n\t<div class=\"inner-blocks entry-content\">\n\t\t\n\n<p><strong>Unikot<\/strong><\/p>\n\n\n\n<p>Kahden hengen hulvaton ryhm\u00e4 vaeltajia.<\/p>\n\n\n\n<p>Ryhm\u00e4 kokoontuu kuukausittain itse sopiminaan ajankohtina.<\/p>\n\n\n\n<p>Ota yhteytt\u00e4: Viola Korpisammal p. 0458066488 tai sposti. viola.korpisammal@gmail.com <\/p>\n\n\n\n<p><\/p>\n\n\n\n<p><\/p>\n\n\t\n\t<\/div>\n<\/div>\n\n\n\t\t\t\t\t\n\t<\/div>\n<\/div>\n\n\n\n\n<div class=\"inner-block-accordion id-inner-block\">\t\n\t<div class=\"inner-blocks entry-content\">\n\t\t\t\t\t\n\n\n<button type=\"button\" aria-expanded=\"false\" aria-controls=\"accordion-body\" class=\"inner-block-accordion-header id-inner-block\">\t\n\t<span class=\"chevron\"><\/span>\n\t\n\n<h2 class=\"wp-block-heading\">Perhepartio<\/h2>\n\n\t\n<\/button>\n\n\n\n\n<div id=\"accordion-body\" class=\"inner-block-accordion-body id-inner-block\">\t\n\t<div class=\"inner-blocks entry-content\">\n\t\t\n\n<p><strong>Ketunleiv\u00e4t<\/strong><\/p>\n\n\n\n<p>Ryhm\u00e4 aikuisia ja 3-6-vuotiaita lapsia, ryhm\u00e4n toiminta sopii koko perheelle. Perhepartio retkeilee, leikkii ja tutustuu partiotoimintaan ja partiotaitoihin. <\/p>\n\n\n\n<p>Ryhm\u00e4 kokoontuu kaksi kertaa kuukaudessa arkisin ja viikonloppuisin.<\/p>\n\n\n\n<p>Ota yhteytt\u00e4 ryhm\u00e4njohtajaan: Laura Peltonen sposti. laura.peltonen@partio.fi <\/p>\n\n\t\n\t<\/div>\n<\/div>\n\n\n\t\t\t\t\t\n\t<\/div>\n<\/div>\n\n\n\t\t\t\t\t\t\t\t\n\t\t\t\t<\/div>\n\t\t\t<\/div>\n\t\t<\/div>\n\t<\/div>\t\n\t\t\t\t\t<svg class=\"figure cross\" xmlns=\"http:\/\/www.w3.org\/2000\/svg\" width=\"107\" height=\"47.043\" viewBox=\"0 0 107 47.043\">\n\t\t    <g>\n\t\t        <path d=\"M29.916 6.541L23.349 0l-8.39 8.417L6.541 0 0 6.541l8.39 8.417L0 23.375l6.541 6.541 8.417-8.39 8.39 8.39 6.568-6.541-8.416-8.417z\" transform=\"rotate(-90 23.522 23.521) translate(17.127)\"\/>\n\t\t        <path d=\"M15.253 11.446A24.159 24.159 0 0 1 9.034 0L0 2.064a33.488 33.488 0 0 0 8.632 15.87l.08.08s.617.617 1.474 1.662l7.238-5.79c-1.099-1.341-1.93-2.198-2.171-2.44z\" transform=\"rotate(-90 23.522 23.521) translate(.429 60.519)\"\/>\n\t\t        <path d=\"M16.218 6.648L9.758 0A33.429 33.429 0 0 0 0 18.738l9.141 1.474a23.953 23.953 0 0 1 7.077-13.564z\" transform=\"rotate(-90 23.522 23.521) translate(0 30.828)\"\/>\n\t\t        <path d=\"M.161 3.163A21.712 21.712 0 0 1 1.5 10.481 19.441 19.441 0 0 1 0 17.907l8.578 3.538a28.792 28.792 0 0 0 2.2-10.964A30.739 30.739 0 0 0 8.873 0z\" transform=\"rotate(-90 23.522 23.521) translate(15.285 85.555)\"\/>\n\t\t    <\/g>\n\t\t<\/svg>\n\t\t\t<\/div>\n","protected":false},"excerpt":{"rendered":"","protected":false},"author":244,"featured_media":0,"parent":0,"menu_order":0,"comment_status":"closed","ping_status":"closed","template":"","meta":{"_acf_changed":false,"footnotes":""},"class_list":["post-6","page","type-page","status-publish","hentry"],"acf":[],"yoast_head":"<!-- This site is optimized with the Yoast SEO plugin v27.4 - https:\/\/yoast.com\/product\/yoast-seo-wordpress\/ -->\n<title>Ryhm\u00e4t - Enson Partiosiskot<\/title>\n<meta name=\"robots\" content=\"index, follow, max-snippet:-1, max-image-preview:large, max-video-preview:-1\" \/>\n<link rel=\"canonical\" href=\"https:\/\/ensonpartiosiskot.partioscout.fi\/?page_id=6\" \/>\n<meta property=\"og:locale\" content=\"fi_FI\" \/>\n<meta property=\"og:type\" content=\"article\" \/>\n<meta property=\"og:title\" content=\"Ryhm\u00e4t - Enson Partiosiskot\" \/>\n<meta property=\"og:url\" content=\"https:\/\/ensonpartiosiskot.partioscout.fi\/?page_id=6\" \/>\n<meta property=\"og:site_name\" content=\"Enson Partiosiskot\" \/>\n<meta property=\"article:modified_time\" content=\"2026-03-09T20:02:40+00:00\" \/>\n<meta name=\"twitter:card\" content=\"summary_large_image\" \/>\n<meta name=\"twitter:label1\" content=\"Est. reading time\" \/>\n\t<meta name=\"twitter:data1\" content=\"1 minuutti\" \/>\n<script type=\"application\/ld+json\" class=\"yoast-schema-graph\">{\"@context\":\"https:\\\/\\\/schema.org\",\"@graph\":[{\"@type\":\"WebPage\",\"@id\":\"https:\\\/\\\/ensonpartiosiskot.partioscout.fi\\\/?page_id=6\",\"url\":\"https:\\\/\\\/ensonpartiosiskot.partioscout.fi\\\/?page_id=6\",\"name\":\"Ryhm\u00e4t - Enson Partiosiskot\",\"isPartOf\":{\"@id\":\"https:\\\/\\\/ensonpartiosiskot.partioscout.fi\\\/#website\"},\"datePublished\":\"2023-08-17T10:12:39+00:00\",\"dateModified\":\"2026-03-09T20:02:40+00:00\",\"breadcrumb\":{\"@id\":\"https:\\\/\\\/ensonpartiosiskot.partioscout.fi\\\/?page_id=6#breadcrumb\"},\"inLanguage\":\"fi\",\"potentialAction\":[{\"@type\":\"ReadAction\",\"target\":[\"https:\\\/\\\/ensonpartiosiskot.partioscout.fi\\\/?page_id=6\"]}]},{\"@type\":\"BreadcrumbList\",\"@id\":\"https:\\\/\\\/ensonpartiosiskot.partioscout.fi\\\/?page_id=6#breadcrumb\",\"itemListElement\":[{\"@type\":\"ListItem\",\"position\":1,\"name\":\"Etusivu\",\"item\":\"https:\\\/\\\/ensonpartiosiskot.partioscout.fi\\\/\"},{\"@type\":\"ListItem\",\"position\":2,\"name\":\"Ryhm\u00e4t\"}]},{\"@type\":\"WebSite\",\"@id\":\"https:\\\/\\\/ensonpartiosiskot.partioscout.fi\\\/#website\",\"url\":\"https:\\\/\\\/ensonpartiosiskot.partioscout.fi\\\/\",\"name\":\"Enson Partiosiskot\",\"description\":\"Enson Partiosiskot on Imatralla toimiva lippukunta.\",\"potentialAction\":[{\"@type\":\"SearchAction\",\"target\":{\"@type\":\"EntryPoint\",\"urlTemplate\":\"https:\\\/\\\/ensonpartiosiskot.partioscout.fi\\\/?s={search_term_string}\"},\"query-input\":{\"@type\":\"PropertyValueSpecification\",\"valueRequired\":true,\"valueName\":\"search_term_string\"}}],\"inLanguage\":\"fi\"}]}<\/script>\n<!-- \/ Yoast SEO plugin. -->","yoast_head_json":{"title":"Ryhm\u00e4t - Enson Partiosiskot","robots":{"index":"index","follow":"follow","max-snippet":"max-snippet:-1","max-image-preview":"max-image-preview:large","max-video-preview":"max-video-preview:-1"},"canonical":"https:\/\/ensonpartiosiskot.partioscout.fi\/?page_id=6","og_locale":"fi_FI","og_type":"article","og_title":"Ryhm\u00e4t - Enson Partiosiskot","og_url":"https:\/\/ensonpartiosiskot.partioscout.fi\/?page_id=6","og_site_name":"Enson Partiosiskot","article_modified_time":"2026-03-09T20:02:40+00:00","twitter_card":"summary_large_image","twitter_misc":{"Est. reading time":"1 minuutti"},"schema":{"@context":"https:\/\/schema.org","@graph":[{"@type":"WebPage","@id":"https:\/\/ensonpartiosiskot.partioscout.fi\/?page_id=6","url":"https:\/\/ensonpartiosiskot.partioscout.fi\/?page_id=6","name":"Ryhm\u00e4t - Enson Partiosiskot","isPartOf":{"@id":"https:\/\/ensonpartiosiskot.partioscout.fi\/#website"},"datePublished":"2023-08-17T10:12:39+00:00","dateModified":"2026-03-09T20:02:40+00:00","breadcrumb":{"@id":"https:\/\/ensonpartiosiskot.partioscout.fi\/?page_id=6#breadcrumb"},"inLanguage":"fi","potentialAction":[{"@type":"ReadAction","target":["https:\/\/ensonpartiosiskot.partioscout.fi\/?page_id=6"]}]},{"@type":"BreadcrumbList","@id":"https:\/\/ensonpartiosiskot.partioscout.fi\/?page_id=6#breadcrumb","itemListElement":[{"@type":"ListItem","position":1,"name":"Etusivu","item":"https:\/\/ensonpartiosiskot.partioscout.fi\/"},{"@type":"ListItem","position":2,"name":"Ryhm\u00e4t"}]},{"@type":"WebSite","@id":"https:\/\/ensonpartiosiskot.partioscout.fi\/#website","url":"https:\/\/ensonpartiosiskot.partioscout.fi\/","name":"Enson Partiosiskot","description":"Enson Partiosiskot on Imatralla toimiva lippukunta.","potentialAction":[{"@type":"SearchAction","target":{"@type":"EntryPoint","urlTemplate":"https:\/\/ensonpartiosiskot.partioscout.fi\/?s={search_term_string}"},"query-input":{"@type":"PropertyValueSpecification","valueRequired":true,"valueName":"search_term_string"}}],"inLanguage":"fi"}]}},"_links":{"self":[{"href":"https:\/\/ensonpartiosiskot.partioscout.fi\/index.php?rest_route=\/wp\/v2\/pages\/6","targetHints":{"allow":["GET"]}}],"collection":[{"href":"https:\/\/ensonpartiosiskot.partioscout.fi\/index.php?rest_route=\/wp\/v2\/pages"}],"about":[{"href":"https:\/\/ensonpartiosiskot.partioscout.fi\/index.php?rest_route=\/wp\/v2\/types\/page"}],"author":[{"embeddable":true,"href":"https:\/\/ensonpartiosiskot.partioscout.fi\/index.php?rest_route=\/wp\/v2\/users\/244"}],"replies":[{"embeddable":true,"href":"https:\/\/ensonpartiosiskot.partioscout.fi\/index.php?rest_route=%2Fwp%2Fv2%2Fcomments&post=6"}],"version-history":[{"count":15,"href":"https:\/\/ensonpartiosiskot.partioscout.fi\/index.php?rest_route=\/wp\/v2\/pages\/6\/revisions"}],"predecessor-version":[{"id":320,"href":"https:\/\/ensonpartiosiskot.partioscout.fi\/index.php?rest_route=\/wp\/v2\/pages\/6\/revisions\/320"}],"wp:attachment":[{"href":"https:\/\/ensonpartiosiskot.partioscout.fi\/index.php?rest_route=%2Fwp%2Fv2%2Fmedia&parent=6"}],"curies":[{"name":"wp","href":"https:\/\/api.w.org\/{rel}","templated":true}]}}